e factors of 121148335.
5, 7, 11, 44953
List the prime factors of 818152857.
3, 509, 178597
List the prime factors of 2416396602.
2, 3, 1297, 310511
List the prime factors of 42332777.
1913, 22129
List the prime factors of 211695986.
2, 19, 61, 271, 337
List the prime factors of 961206377.
271, 349, 10163
List the prime factors of 1915562764.
2, 1489, 321619
List the prime factors of 5328309601.
293, 18185357
What are the prime factors of 16565062?
2, 43, 192617
What are the prime factors of 272062609?
7, 13, 491, 6089
What are the prime factors of 1098809594?
2, 29, 41, 462073
List the prime factors of 3834161026.
2, 179, 1621, 6607
List the prime factors of 374968644.
2, 3, 31247387
List the prime factors of 94679908.
2, 23669977
List the prime factors of 397448633.
397448633
List the prime factors of 76140333.
3, 761, 11117
List the prime factors of 2364048491.
7, 23, 14683531
List the prime factors of 86850805.
5, 19, 914219
List the prime factors of 432191.
17, 25423
What are the prime factors of 5500096?
2, 7, 12277
List the prime factors of 25527381.
3, 11, 127, 6091
What are the prime factors of 151273578?
2, 3, 277, 91019
What are the prime factors of 116233778?
2, 58116889
List the prime factors of 48949824.
2, 3, 7, 11, 43
List the prime factors of 5808604595.
5, 179, 857, 7573
What are the prime factors of 206221595?
5, 41, 1005959
List the prime factors of 783684943.
783684943
List the prime factors of 1048779388.
2, 137, 1913831
List the prime factors of 207938405.
5, 41587681
What are the prime factors of 330773206?
2, 165386603
List the prime factors of 3441459767.
523, 709, 9281
What are the prime factors of 69586383?
3, 23195461
What are the prime factors of 1948845075?
3, 5, 79, 328919
List the prime factors of 64087283.
13, 4929791
What are the prime factors of 51217530?
2, 3, 5, 7, 13, 73, 257
List the prime factors of 270693978.
2, 3, 45115663
List the prime factors of 96139185.
3, 5, 43, 149053
List the prime factors of 758506785.
3, 5, 50567119
List the prime factors of 414716023.
229, 1319, 1373
List the prime factors of 2815358839.
19, 2789, 53129
List the prime factors of 2140010741.
11, 211, 922021
What are the prime factors of 3749639552?
2, 29294059
What are the prime factors of 4426018983?
3, 163926629
What are the prime factors of 1530267226?
2, 11833, 64661
What are the prime factors of 214263468?
2, 3, 73, 9059
What are the prime factors of 83462139?
3, 113, 82067
What are the prime factors of 226785595?
5, 1409, 32191
List the prime factors of 346264364.
2, 17, 607, 8389
List the prime factors of 1077572264.
2, 23, 199, 29429
What are the prime factors of 345514419?
3, 38390491
List the prime factors of 105471247.
7, 17, 886313
List the prime factors of 43639018.
2, 113, 193093
What are the prime factors of 118673744?
2, 7, 23, 2003
List the prime factors of 309628377.
3, 34403153
What are the prime factors of 386822900?
2, 5, 19, 203591
What are the prime factors of 409175441?
157, 1223, 2131
What are the prime factors of 373056280?
2, 5, 73, 251, 509
List the prime factors of 203710962.
2, 3, 7, 13, 509, 733
What are the prime factors of 1812530681?
13, 59, 1259, 1877
What are the prime factors of 187992514?
2, 191, 199, 2473
List the prime factors of 742245754.
2, 19, 2543, 7681
List the prime factors of 214895400.
2, 3, 5, 358159
List the prime factors of 5141478908.
2, 53, 24252259
What are the prime factors of 295509843?
3, 787, 13907
What are the prime factors of 36421910?
2, 5, 7, 520313
What are the prime factors of 1206428248?
2, 150803531
What are the prime factors of 33006150?
2, 3, 5, 23, 1063
List the prime factors of 3630231576.
2, 3, 50419883
List the prime factors of 30804728.
2, 23, 29, 251
List the prime factors of 61055108.
2, 15263777
List the prime factors of 1046858705.
5, 167, 1253723
List the prime factors of 1757233317.
3, 7, 83677777
List the prime factors of 21190253.
7, 3027179
List the prime factors of 520244232.
2, 3, 31, 699253
What are the prime factors of 56013831?
3, 41, 151799
What are the prime factors of 13860751?
31, 83, 5387
List the prime factors of 50390581.
181, 199, 1399
List the prime factors of 41148700.
2, 5, 587, 701
List the prime factors of 763769832.
2, 3, 7, 23, 157, 1259
What are the prime factors of 141518511?
3, 41, 383519
What are the prime factors of 59613919?
37, 1611187
What are the prime factors of 5265957996?
2, 3, 13, 19, 67, 8839
What are the prime factors of 302111051?
11, 103, 266647
List the prime factors of 92391108.
2, 3, 7699259
List the prime factors of 459939553.
421, 1092493
List the prime factors of 491866716.
2, 3, 11, 59, 137, 461
What are the prime factors of 1156269356?
2, 11, 26278849
List the prime factors of 231101295.
3, 5, 15406753
List the prime factors of 26165882.
2, 37, 347, 1019
List the prime factors of 290448625.
5, 281, 8269
What are the prime factors of 2483490?
2, 3, 5, 19, 4357
What are the prime factors of 1355632139?
17, 31, 47, 229, 239
List the prime factors of 334262157.
3, 613, 181763
List the prime factors of 2370709132.
2, 11, 1867, 28859
List the prime factors of 246075740.
2, 5, 12303787
List the prime factors of 6009458.
2, 7, 13, 53, 89
List the prime factors of 770272003.
770272003
What are the prime factors of 45465611?
173, 262807
List the prime factors of 108324708.
2, 3, 59, 153001
What are the prime factors of 183487948?
2, 7, 239, 3917
List the prime factors of 1078746672.
2, 3, 457, 49177
List the prime factors of 1528327229.
11, 13, 10687603
List the prime factors of 137127895.
5, 67, 409337
List the prime factors of 1392216996.
2, 3, 389, 298247
List the prime factors of 94188939.
3, 13, 37, 5021
What are the prime factors of 353391034?
2, 12613, 14009
What are the prime factors of 229386954?
2, 3, 38231159
What are the prime factors of 245057182?
2, 122528591
List the prime factors of 2676056991.
3, 892018997
List the prime factors of 1871086552.
2, 233885819
List the prime factors of 14611755.
3, 5, 17, 57301
What are the prime factors of 89081233?
41, 197, 269
What are the prime factors of 594577405?
5, 89, 101, 13229
What are the prime factors of 8089474?
2, 1657, 2441
What are the prime factors of 261717105?
3, 5, 13, 1342139
What are the prime factors of 377004496?
2, 11, 1429, 1499
What are the prime factors of 8208968830?
2, 5, 8297, 98939
List the prime factors of 3157630448.
2, 7, 4003, 7043
List the prime factors of 370170628.
2, 31, 2985247
What are the prime factors of 426574562?
2, 79, 2699839
What are the prime factors of 1841655117?
3, 383, 1602833
List the prime factors of 2252098643.
919, 2450597
What are the prime factors of 808811381?
7, 43, 2687081
List the prime factors of 281857598.
2, 11, 211, 60719
List the prime factors of 1091041255.
5, 5051, 43201
List the prime factors of 1692029828.
2, 4093, 103349
List the prime factors of 2885686588.
2, 967, 746041
List the prime factors of 228868035.
3, 5, 11, 61, 22739
What are the prime factors of 89741367?
3, 547, 18229
List the prime factors of 272973725.
5, 229, 47681
List the prime factors of 153344177.
7, 1087, 2879
What are the prime factors of 467690030?
2, 5, 46769003
List the prime factors of 502908503.
229, 2196107
List the prime factors of 207001729.
11, 53, 355063
List the prime factors of 5286309.
3, 7, 139, 1811
List the prime factors of 144433483.
137, 1054259
List the prime factors of 135116290.
2, 5, 31, 435859
What are the prime factors of 452513608?
2, 103, 549167
List the prime factors of 618426988.
2, 1913, 80819
What are the prime factors of 49429502?
2, 239, 103409
List the prime factors of 551626620.
2, 3, 5, 19, 483883
List the prime factors of 1200482588.
2, 347, 864901
What are the prime factors of 27639643?
1231, 22453
What are the prime factors of 2138196576?
2, 3, 41, 543241
What are the prime factors of 4664273932?
2, 2003, 582161
List the prime factors of 3379451598.
2, 3, 811, 77167
List the prime factors of 1079979155.
5, 41, 73, 72167
List the prime factors of 310333800.
2, 3, 5, 7, 37, 1997
List the prime factors of 2334569470.
2, 5, 263, 887669
What are the prime factors of 1884191685?
3, 5, 17, 73, 127, 797
What are the prime factors of 3337167810?
2, 3, 5, 111238927
List the prime fact